{"id":103,"date":"2017-08-07T15:40:05","date_gmt":"2017-08-07T13:40:05","guid":{"rendered":"http:\/\/arche.ovh\/?page_id=103"},"modified":"2026-02-10T17:28:30","modified_gmt":"2026-02-10T16:28:30","slug":"administration-de-larche","status":"publish","type":"page","link":"https:\/\/arche.ovh\/index.php\/accueil\/administration-de-larche\/","title":{"rendered":"Administration de l&rsquo;Arch\u00e9"},"content":{"rendered":"\n\n\t<p>L&rsquo;Arch\u00e9 est g\u00e9r\u00e9e par un Conseil d&rsquo;Administration compos\u00e9 de :<\/p>\n<ul>\n<li>\u00e9lus jusqu&rsquo;en 2027 : Fran\u00e7oise CARIS\u00c9, Bernard CHARAUDEAU, Christine HEMERAY-MAZURIER, Annie MAUDUIT.<\/li>\n<li>\u00e9lus jusqu&rsquo;en 2028 : Pierre BREGEON, Catherine HUGUET-BIENVAULT, Patrick LANNE, Christian MEURDESOIF.<\/li>\n<li>\u00e9lus jusqu&rsquo;en 2029 : Jean-Claude AUBRY, Jean-Patrick DEPONT, Sylvie LE CLESIAU, St\u00e9phane ONFROY.<\/li>\n<\/ul>\n<p>Ce Conseil a \u00e9lu lors de sa r\u00e9union du 10 f\u00e9vrier 2026 un bureau, compos\u00e9 de :<\/p>\n<ul>\n<li>Pr\u00e9sident : St\u00e9phane ONFROY<\/li>\n<li>Vice-pr\u00e9sidente : Sylvie LE CL\u00c9SIAU<\/li>\n<li>Secr\u00e9taire : Patrick LANNE, assist\u00e9 de Jean-Claude AUBRY<\/li>\n<li>Tr\u00e9sorier : Jean-Patrick DEPONT, assist\u00e9 de Pierre BREGEON<\/li>\n<li>Membres : Fran\u00e7oise CARIS\u00c9, Bernard CHARAUDEAU, Catherine HUGUET-BIENVAULT, Christian MEURDESOIF.<\/li>\n<\/ul>\n<p>Les statuts sont disponibles \u00e0 la page \u00ab\u00a0<a href=\"http:\/\/arche.ovh\/index.php\/documents\/\" target=\"_blank\" rel=\"noopener\">Documents<\/a>\u00ab\u00a0.<\/p>\n\n","protected":false},"excerpt":{"rendered":"<p>L&rsquo;Arch\u00e9 est g\u00e9r\u00e9e par un Conseil d&rsquo;Administration compos\u00e9 de : \u00e9lus jusqu&rsquo;en 2027 : Fran\u00e7oise CARIS\u00c9, Bernard CHARAUDEAU, Christine HEMERAY-MAZURIER, Annie MAUDUIT. \u00e9lus jusqu&rsquo;en 2028 : Pierre BREGEON, Catherine HUGUET-BIENVAULT, Patrick LANNE, Christian MEURDESOIF. \u00e9lus jusqu&rsquo;en 2029 : Jean-Claude AUBRY, Jean-Patrick DEPONT, Sylvie LE CLESIAU, St\u00e9phane ONFROY. Ce Conseil a \u00e9lu lors de sa r\u00e9union &hellip; <\/p>\n<p class=\"link-more\"><a href=\"https:\/\/arche.ovh\/index.php\/accueil\/administration-de-larche\/\" class=\"more-link\">Continuer la lecture<span class=\"screen-reader-text\"> de &laquo;&nbsp;Administration de l&rsquo;Arch\u00e9&nbsp;&raquo;<\/span><\/a><\/p>\n","protected":false},"author":1,"featured_media":0,"parent":7,"menu_order":2,"comment_status":"closed","ping_status":"closed","template":"","meta":{"footnotes":""},"class_list":["post-103","page","type-page","status-publish","hentry"],"_links":{"self":[{"href":"https:\/\/arche.ovh\/index.php\/wp-json\/wp\/v2\/pages\/103","targetHints":{"allow":["GET"]}}],"collection":[{"href":"https:\/\/arche.ovh\/index.php\/wp-json\/wp\/v2\/pages"}],"about":[{"href":"https:\/\/arche.ovh\/index.php\/wp-json\/wp\/v2\/types\/page"}],"author":[{"embeddable":true,"href":"https:\/\/arche.ovh\/index.php\/wp-json\/wp\/v2\/users\/1"}],"replies":[{"embeddable":true,"href":"https:\/\/arche.ovh\/index.php\/wp-json\/wp\/v2\/comments?post=103"}],"version-history":[{"count":11,"href":"https:\/\/arche.ovh\/index.php\/wp-json\/wp\/v2\/pages\/103\/revisions"}],"predecessor-version":[{"id":3225,"href":"https:\/\/arche.ovh\/index.php\/wp-json\/wp\/v2\/pages\/103\/revisions\/3225"}],"up":[{"embeddable":true,"href":"https:\/\/arche.ovh\/index.php\/wp-json\/wp\/v2\/pages\/7"}],"wp:attachment":[{"href":"https:\/\/arche.ovh\/index.php\/wp-json\/wp\/v2\/media?parent=103"}],"curies":[{"name":"wp","href":"https:\/\/api.w.org\/{rel}","templated":true}]}}