{"id":7,"date":"2017-07-25T14:46:15","date_gmt":"2017-07-25T12:46:15","guid":{"rendered":"http:\/\/arche.ovh\/?page_id=7"},"modified":"2023-05-15T15:08:31","modified_gmt":"2023-05-15T13:08:31","slug":"accueil","status":"publish","type":"page","link":"https:\/\/arche.ovh\/","title":{"rendered":"Accueil"},"content":{"rendered":"\n<img decoding=\"async\" src=\"https:\/\/arche.ovh\/wp-content\/plugins\/beaver-builder-lite-version\/img\/pixel.png\" alt=\"\" itemprop=\"image\" onerror=\"this.style.display='none'\">\n\t\t\t\t<img decoding=\"async\" src=\"https:\/\/arche.ovh\/wp-content\/plugins\/beaver-builder-lite-version\/img\/pixel.png\" alt=\"\" itemprop=\"image\" onerror=\"this.style.display='none'\">\n\t<p><em>\u00ab\u00a0Faire des voyages me semble un exercice profitable. L&rsquo;esprit&nbsp; y a une activit\u00e9 continuelle pour remarquer les choses inconnues et nouvelles, et je ne connais&nbsp; pas de meilleure \u00e9cole pour former la vie que de mettre sans cesse devant nos yeux, la diversit\u00e9 de tant d&rsquo;autres vies, opinions et usages. \u00ab\u00a0<\/em><\/p>\n<p>Montaigne (1533-1592) (Essais, III, 9)<\/p>\n<hr>\n<p><em>\u00ab\u00a0Je suis tomb\u00e9 dans cette esp\u00e8ce de r\u00eaverie connue de tous les voyageurs: nul souvenir distinct de moi ne me restait; je me sentais vivre comme partie du grand tout, et v\u00e9g\u00e9ter avec les arbres et les fleurs. C&rsquo;est peut-\u00eatre la disposition la plus douce &nbsp;pour l&rsquo;homme, car alors m\u00eame qu&rsquo;il est heureux, il y a dans ses plaisirs un certain fond d&rsquo;amertume, un je ne sais quoi qu&rsquo;on pourrait appeler la tristesse du bonheur. La r\u00eaverie du voyageur est une sorte de pl\u00e9nitude de c\u0153ur et de vide de t\u00eate, qui vous laisse jouir en repos de votre existence: c&rsquo;est par la pens\u00e9e que nous troublons la f\u00e9licit\u00e9 que Dieu nous donne: l&rsquo;\u00e2me est paisible, l&rsquo;esprit est inquiet.\u00a0\u00bb<\/em><\/p>\n<p>Chateaubriand, extrait de: Voyage en Am\u00e9rique &nbsp;(1827)<\/p>\n","protected":false},"excerpt":{"rendered":"<p>\u00ab\u00a0Faire des voyages me semble un exercice profitable. L&rsquo;esprit&nbsp; y a une activit\u00e9 continuelle pour remarquer les choses inconnues et nouvelles, et je ne connais&nbsp; pas de meilleure \u00e9cole pour former la vie que de mettre sans cesse devant nos yeux, la diversit\u00e9 de tant d&rsquo;autres vies, opinions et usages. \u00ab\u00a0 Montaigne (1533-1592) (Essais, III, &hellip; <\/p>\n<p class=\"link-more\"><a href=\"https:\/\/arche.ovh\/\" class=\"more-link\">Continuer la lecture<span class=\"screen-reader-text\"> de &laquo;&nbsp;Accueil&nbsp;&raquo;<\/span><\/a><\/p>\n","protected":false},"author":1,"featured_media":0,"parent":0,"menu_order":0,"comment_status":"closed","ping_status":"closed","template":"","meta":{"footnotes":""},"class_list":["post-7","page","type-page","status-publish","hentry"],"_links":{"self":[{"href":"https:\/\/arche.ovh\/index.php\/wp-json\/wp\/v2\/pages\/7","targetHints":{"allow":["GET"]}}],"collection":[{"href":"https:\/\/arche.ovh\/index.php\/wp-json\/wp\/v2\/pages"}],"about":[{"href":"https:\/\/arche.ovh\/index.php\/wp-json\/wp\/v2\/types\/page"}],"author":[{"embeddable":true,"href":"https:\/\/arche.ovh\/index.php\/wp-json\/wp\/v2\/users\/1"}],"replies":[{"embeddable":true,"href":"https:\/\/arche.ovh\/index.php\/wp-json\/wp\/v2\/comments?post=7"}],"version-history":[{"count":42,"href":"https:\/\/arche.ovh\/index.php\/wp-json\/wp\/v2\/pages\/7\/revisions"}],"predecessor-version":[{"id":2602,"href":"https:\/\/arche.ovh\/index.php\/wp-json\/wp\/v2\/pages\/7\/revisions\/2602"}],"wp:attachment":[{"href":"https:\/\/arche.ovh\/index.php\/wp-json\/wp\/v2\/media?parent=7"}],"curies":[{"name":"wp","href":"https:\/\/api.w.org\/{rel}","templated":true}]}}